ive of -n**3/2 + 2*n**2 - 2*n. Let q(r) = 6*r - 9. Let l(o) = -5*d(o) - 2*q(o). Give l(s).
10
Let z(q) = -4*q**2 + 3*q**3 - 6 - 4*q + 4*q**3 - 6*q**3. Determine z(5).
-1
Let o(k) = -4*k - 8 + 4*k + 2*k - 3*k. What is o(-10)?
2
Suppose -6*v + v = -4*x + 20, -3*x = 3*v + 12. Suppose 2*z + x*z - 4 = 0. Let l(h) = 10*h - z - 1 + 2. What is l(1)?
9
Let a = -39 + 35. Let d(k) = -k**2 + 2*k**2 + k - 3*k + 8*k + 4. What is d(a)?
-4
Let p(d) be the second derivative of 1/20*d**5 + d - 7/6*d**3 - 1/2*d**2 + 5/12*d**4 + 0. Determine p(-6).
5
Let h be (3/(-5))/(2/(-10)). Let m(y) = 4*y**3 + 8*y**2 - 8*y - 4. Let d(n) = 5*n**3 + 9*n**2 - 8*n - 5. Let s(i) = h*d(i) - 4*m(i). Calculate s(-6).
-11
Let x(j) = 7*j**3 + 5*j**2 - 2*j + 8. Let w(m) = 3*m**3 + 2*m**2 - m + 4. Let v be 8/12*(-45)/6. Let i(z) = v*w(z) + 2*x(z). Suppose f = -f. Determine i(f).
-4
Suppose -28 - 7 = 5*q. Let h = q - -22. Suppose 3*w = -0*w + h. Let r(m) = -m**3 + 5*m**2 - 2*m + 5. What is r(w)?
-5
Let q be (-3)/1*(-10)/(-6). Let z(p) be the first derivative of -p**4/4 - 2*p**3 - 5*p**2/2 + 2*p + 14. Calculate z(q).
2
Let u = -107 + 108. Let n(l) be the first derivative of -u + 1/3*l**3 - 3*l + 5/2*l**2. Calculate n(-6).
3
Suppose 0 = -2*l - 2*l + 24. Suppose 3*f - 3*v + v - 28 = 0, 4*f - 26 = -3*v. Let b(j) = f*j - j**3 - 3*j**2 - 4*j**2 + 2*j**3 - 5. Give b(l).
7
Let y(z) = -z - 3. Suppose 3*v - 2*o = 14, -2*v = -0*v - o - 9. Calculate y(v).
-7
Let p be (-1 - -1) + 0 + -5. Let c be (-56)/(-21)*18/8. Let s(w) = -6*w + 1 + 0 - w**3 + 0 + 0*w**3 - c*w**2. Calculate s(p).
6
Let y be 3/((-9)/(-2))*3. Suppose -3*s - y = -s. Let c(n) be the second derivative of -5*n**4/12 + 2*n. Determine c(s).
-5
Let r(l) = 0 + 0 - 3*l - l**2 + 3. Let d(b) = b**3 - 5*b**2 + 2*b + 7. Let h be d(3). What is r(h)?
-7
Suppose -7*i - 8 = -9*i. Let g(x) = x**3 - 5*x**2 + 3*x - 2. Give g(i).
-6
Let q(m) = 4*m + m + 1 - 4*m. Let a be q(4). Let f(o) = o**3 - 4*o**2 - 6*o - 1. Determine f(a).
-6
Let p(j) = -3*j - 50 + 2*j + 57. Calculate p(0).
7
Let g(y) = y**2 - 3*y**2 + y**2 + 0*y**2. Give g(-1).
-1
Let t(b) be the third derivative of -b**5/60 + b**4/3 + b**3 - 2*b**2 + 4*b. Give t(9).
-3
Let s(m) = -4*m**2 + 2*m - 4. Let b(c) = c**2 + c + 2. Let f(w) = -5*b(w) - s(w). Calculate f(-4).
6
Let b(t) = t**3 - 6*t**2 - 8*t - 10. Let o(y) = 2*y**3 - 12*y**2 - 15*y - 19. Let m(w) = 11*b(w) - 6*o(w). What is m(6)?
16
Let g(h) = -6*h + 2. Let u be g(2). Let i = 4 + u. Let r be (-13)/4 - i/(-8). Let a(m) = 2*m + 3. What is a(r)?
-5
Let t be (-10)/(-25) + 13/5. Suppose -k - 12 = 4*q, 2*q = 4*k - t - 3. Let i(m) = m**3 + m + 10. What is i(k)?
10
Let w(l) = -l**2 - 1 - 6*l - 1 + 2 - 5. Determine w(-4).
3
Let l = 8 - 13. Let o(w) = -2*w**2 + 6*w + 5. Let x(d) = -3*d**2 + 9*d + 7. Let i(u) = l*x(u) + 8*o(u). Determine i(4).
1
Let n = -13 + 11. Let o(i) = -i. Determine o(n).
2
Let q(l) = -l - 7. Let x(g) = -g - 6. Let i(h) = 4*q(h) - 5*x(h). Suppose 0 = 3*v - 5*v + 16. Let n = -6 + v. Calculate i(n).
4
Let m(s) be the first derivative of s**7/840 - s**6/180 + s**5/40 - s**4/12 + s**3/3 - 1. Let t(g) be the third derivative of m(g). Give t(2).
4
Let m(r) = 5*r + 34. Let y be m(-6). Let l(s) = -2*s - 2. Calculate l(y).
-10
Suppose 0 = j - m + 6, -3*j + 6*m - 4*m - 16 = 0. Let v(k) = -k**2 - 2*k. What is v(j)?
-8
Let a(g) = -g**2 - 1. Let u(j) = j**3 - 8*j**2 - j - 7. Let t(r) = -5*a(r) + u(r). What is t(3)?
-5
Let m(q) = -q**2 + 11*q + 11. Let w be m(12). Let c(a) = -7*a**3 - a**2 - a. Calculate c(w).
7
Let z = -8 + 13. Let j(m) = 7*m + 1. Let w(x) = -3*x. Let d(o) = z*w(o) + 2*j(o). Let h = 4 - 2. What is d(h)?
0
Let p(s) = -s**2 + 10*s - 5. Let v be p(9). Let t(a) = -2*a + 3. Give t(v).
-5
Let k = -57 - -55. Let b(p) = p**3 + 2*p**2 - 4*p - 3. Calculate b(k).
5
Suppose -50 = -p - 0*p. Suppose v - 2*v + 19 = 5*i, 4*i - p = 5*v. Let k(n) = n**2 + 5*n - 3. Give k(v).
3
Let n(m) = m**2 - 5*m + 5. Let w(o) = 1. Let x(p) = -n(p) + 3*w(p). What is x(6)?
-8
Let n(s) be the third derivative of -s**5/10 - s**4/24 - s**3/6 - s**2. Let a(z) = z + 6. Let q be a(-5). Let p be (q - 0 - 2)*1. Calculate n(p).
-6
Let u be 1 + 3/(-3) + 2. Suppose u*o + 4*f + 12 = -3*o, 4*f = -2*o. Let j be 1 - (3 + o)*-3. Let c(a) = a**3 - 4*a - 3. Determine c(j).
-3
Suppose 0*b - 10 = -2*b. Let z(a) = 7*a - 2*a - 3*a - 4. Calculate z(b).
6
Suppose 0*z = -z + 2. Let j(w) = -5*w**2 + 3*w**z - 2*w + 3*w. Determine j(2).
-6
Let o(h) = 5*h**3 - 2*h - 1. Let r = 2 + 0. Let c be (-3)/2 - (-1)/r. What is o(c)?
-4
Let g(h) be the first derivative of 7*h**2/2 + h - 1. Suppose -q + 3*x = -x - 7, 3*x - 9 = -4*q. Suppose -3*z + 2*s = q*s - 1, 5*s = -2*z + 18. Calculate g(z).
-6
Let w(q) be the second derivative of -q**8/6720 - q**7/840 + q**6/360 + q**5/30 + q**4/12 + 3*q. Let i(x) be the third derivative of w(x). Calculate i(-3).
-2
Let l(f) = f**3 - 3*f**2 + f - 2. Suppose 4*m - 16 = -4. Suppose 5*o - p = -m*p + 21, 0 = 4*o + p - 15. Calculate l(o).
1
Suppose -2*a = a + 24. Let d = -4 - a. Let s(w) = -d*w**2 + 4*w**2 + 5*w + 3*w**2 - 2*w**2. Calculate s(-4).
-4
Suppose -3*g - 2 + 8 = 0. Suppose 3*n = -84 + 30. Let s be g - (n/(-3))/2. Let a(x) = -4*x**3 - x. Give a(s).
5
Let t(g) = 9*g - 4. Let r(a) = a + 1. Let w(m) = 6*r(m) - t(m). Determine w(7).
-11
Let v(c) = -2*c + 4 + 0*c + 2*c + c. Calculate v(-4).
0
Let g(z) be the third derivative of -z**4/24 + z**3/2 - 3*z**2. What is g(3)?
0
Let f(z) = 1. Let v(u) = -u**2 - 8*u + 9. Let b(c) = -3*f(c) + v(c). What is b(-7)?
13
Let x(u) = u + 13. Let j be 7 - 7 - (7 + 0). Calculate x(j).
6
Suppose 15 = 6*o - o. Let u(p) = p**3 - 3*p**2 - 2. Give u(o).
-2
Let x(y) be the third derivative of y**4/6 + y**3/3 - 10*y**2. Give x(-4).
-14
Let r be (-2)/(-3) - 6/9. Suppose r*v = 3*v - 21. Let s = v - 4. Let x(b) = -b**3 + 2*b**2 + 2. Give x(s).
-7
Let c(o) be the first derivative of o**5/20 + o**4/12 - 4*o**2 + o + 2. Let r(b) be the first derivative of c(b). Give r(0).
-8
Suppose 0 = 5*b + 3*c - 14, 4*b + 3*c + 8 = 21. Suppose -2*l + 3*d + 15 = 0, 4*d - 3*d = 5*l - 18. Let v(m) = -11*m**2 + l*m**2 + 0*m + m. Give v(b).
-7
Suppose 4*x - 4 = 8. Let i(l) = -3*l**3 + 2*l - 2 - 4*l**2 - 1 + 0 + 4*l**x. What is i(4)?
5
Suppose 0 = -2*s - 2 + 8. Suppose -s*r - 6 = -6*r. Let p(m) = -3*m + 5*m + 0*m. Determine p(r).
4
Suppose -2*m - 2 = 4. Let p(c) = -2*c**2 - c + 3. What is p(m)?
-12
Let a be 1/(1 - 1/2). Let s(h) be the third derivative of h**7/1680 + h**6/720 + h**5/60 + h**2. Let f(t) be the third derivative of s(t). Determine f(a).
7
Let a(v) = 7*v**3 - 2*v. Let w be (0 - (-3)/(-6))*-2. Let i(r) = -r. Let u(j) = w*i(j) - a(j). Suppose 4*d = k - 4 - 5, 3*k + d - 1 = 0. What is u(k)?
-6
Let q(j) be the first derivative of -j**5/20 + j**4/3 - j**2/2 + 2*j + 3. Let r(t) be the first derivative of q(t). Calculate r(4).
-1
Let y(i) = -21*i - 11. Let d(u) = 14*u + 7. Let c(g) = -8*d(g) - 5*y(g). Calculate c(-1).
6
Let i = 4 + 23. Let o(b) = 2 - 14*b - 14*b - 11 + i*b. Calculate o(-7).
-2
Let b be (5/2)/((-3)/(-6)). Let l = b - -1. Let c = l - 4. Let t(r) = 2*r**3 - 4*r**2 + 3*r - 1. Calculate t(c).
5
Suppose 8 = -9*f - 1. Let r(y) = 0*y + 5*y - 4*y. Determine r(f).
-1
Let f(w) be the second derivative of 1/360*w**6 + 1/12*w**4 + 0 + 0*w**2 - 1/120*w**5 - w + 2/3*w**3. Let j(t) be the second derivative of f(t). Give j(3).
8
Let n(b) be the first derivative of b**5/120 + b**4/24 - b**3 + 2. Let a(q) be the third derivative of n(q). Let i = -2 + 2. What is a(i)?
1
Let p(u) = 4*u - 4. Let j(r) = -13*r + 11. Let n(y) = -2*j(y) - 7*p(y). Suppose -3*i + 0*i = -15. What is n(i)?
-4
Let u be -2 - -4*(-2 - -3). Let j(b) = b - 3. Let d be j(5). Let q(l) = -l**d + 2 - 2 - u + 0*l - l. Give q(0).
-2
Let d(m) = -7*m**2 + 5*m - 1. Suppose -10 + 2 = 2*z. Let w be 1 + 1 + (1 - z). Let l(f) = -10*f**2 + 8*f - 1. Let o(a) = w*d(a) - 5*l(a). Determine o(4).
-6
Let g = -3 - 5. Let p be (-2 + 4)/(2/g). Let l = -3 - p. Let j(m) = -m + 11. Calculate j(l).
6
Let y(d) be the first derivative of d**2/2 + 3. Suppose 2*f + f = -15. Calculate y(f).
-5
Let p(b) = -b**3 + 2*b**2 + b. Let q be p(2). Let k = 3 - q. Let v(j) = -10*j + 7. Let h(o) = -5*o + 3. Let f(s) = 5*h(s) - 2*v(s). Calculate f(k).
-4
Let m(r) = -r**2 + 5*r + 1. Let p be (-54)/(-9) - 1*-1. Determine m(p).
-13
